{"id":2104,"date":"2023-09-12T14:06:23","date_gmt":"2023-09-12T12:06:23","guid":{"rendered":"https:\/\/multicyclescaraibe.fr\/?post_type=product&#038;p=2104"},"modified":"2023-10-06T01:06:54","modified_gmt":"2023-10-05T23:06:54","slug":"784-lumiere-arriere-automatiqueradar-de-vehicule-et-eclairage-velo-arriere-usbvisible-a-1-6km-igpsport-sr30-connexion-directe-au-bsc300-et-igs630","status":"publish","type":"product","link":"https:\/\/multicyclescaraibe.fr\/index.php\/produit\/784-lumiere-arriere-automatiqueradar-de-vehicule-et-eclairage-velo-arriere-usbvisible-a-1-6km-igpsport-sr30-connexion-directe-au-bsc300-et-igs630\/","title":{"rendered":"784-Lumiere arriere automatique RADAR DE VEHICULE ET ECLAIRAGE VELO ARRIERE USB(VISIBLE A 1.6KM) IGPSPORT SR30 &#8211; CONNEXION DIRECTE AU BSC300 et IGS630"},"content":{"rendered":"","protected":false},"excerpt":{"rendered":"<p>RADAR DE V\u00c9HICULE SR30<\/p>\n<p>Am\u00e9liorez votre s\u00e9curit\u00e9 sans vous retourner gr\u00e2ce au radar intelligent SR30 int\u00e9gr\u00e9 \u00e0 l&#8217;\u00e9clairage arri\u00e8re.<\/p>\n<p>Hautement performant, il d\u00e9tecte les v\u00e9hicules en approche \u00e0 moins de 150 m\u00e8tres et avertit en temps r\u00e9el pour une s\u00e9curit\u00e9 optimale.<\/p>\n<p>\u2714 Visible \u00e0 1,6 km sur 220\u00b0<\/p>\n<p>\u2714 Compatible compteurs, smartphones et montres connect\u00e9es<\/p>\n<p>\u2714 Autonomie 20h<\/p>\n<p>\u2714 Connectivit\u00e9 BLE5.0\/ANT+<\/p>\n<p>\u2714 \u00c9tanch\u00e9it\u00e9 IPX7<\/p>\n","protected":false},"featured_media":2105,"comment_status":"open","ping_status":"closed","template":"","meta":{"_et_pb_use_builder":"","_et_pb_old_content":"","_et_gb_content_width":""},"product_cat":[25,170,101,140,139],"product_tag":[],"class_list":["post-2104","product","type-product","status-publish","has-post-thumbnail","hentry","product_cat-accessoires-et-entretien","product_cat-accessoires-et-reparation-vae","product_cat-accessoires-reparation-vr","product_cat-eclairage-vr","product_cat-eclairage-vtt"],"wooqr_code":"","_links":{"self":[{"href":"https:\/\/multicyclescaraibe.fr\/index.php\/wp-json\/wp\/v2\/product\/2104","targetHints":{"allow":["GET"]}}],"collection":[{"href":"https:\/\/multicyclescaraibe.fr\/index.php\/wp-json\/wp\/v2\/product"}],"about":[{"href":"https:\/\/multicyclescaraibe.fr\/index.php\/wp-json\/wp\/v2\/types\/product"}],"replies":[{"embeddable":true,"href":"https:\/\/multicyclescaraibe.fr\/index.php\/wp-json\/wp\/v2\/comments?post=2104"}],"wp:featuredmedia":[{"embeddable":true,"href":"https:\/\/multicyclescaraibe.fr\/index.php\/wp-json\/wp\/v2\/media\/2105"}],"wp:attachment":[{"href":"https:\/\/multicyclescaraibe.fr\/index.php\/wp-json\/wp\/v2\/media?parent=2104"}],"wp:term":[{"taxonomy":"product_cat","embeddable":true,"href":"https:\/\/multicyclescaraibe.fr\/index.php\/wp-json\/wp\/v2\/product_cat?post=2104"},{"taxonomy":"product_tag","embeddable":true,"href":"https:\/\/multicyclescaraibe.fr\/index.php\/wp-json\/wp\/v2\/product_tag?post=2104"}],"curies":[{"name":"wp","href":"https:\/\/api.w.org\/{rel}","templated":true}]}}