{"id":2610,"date":"2024-05-16T17:05:44","date_gmt":"2024-05-16T15:05:44","guid":{"rendered":"https:\/\/multicyclescaraibe.fr\/?post_type=product&#038;p=2610"},"modified":"2024-05-16T17:05:44","modified_gmt":"2024-05-16T15:05:44","slug":"1217-fourche-rockshox-recon-silver-rl-motion-control-27-5-120mm-os42-9x100mm-1-1-8-d1-noir-brillant-00-4020-557-004","status":"publish","type":"product","link":"https:\/\/multicyclescaraibe.fr\/index.php\/produit\/1217-fourche-rockshox-recon-silver-rl-motion-control-27-5-120mm-os42-9x100mm-1-1-8-d1-noir-brillant-00-4020-557-004\/","title":{"rendered":"1217-FOURCHE ROCKSHOX RECON SILVER RL MOTION CONTROL 27.5&#8243; 120MM OS42 9X100MM 1-1\/8&#8243; D1 NOIR BRILLANT 00.4020.557.004"},"content":{"rendered":"<p>CARACT\u00c9RISTIQUES TECHNIQUES<\/p>\n<p>Marque<br \/>\nRockshox<br \/>\nTaille de roue<br \/>\n27.5&#8243;<br \/>\nDimension d&#8217;axe<br \/>\n9x100mm Quick Release<br \/>\nDiam\u00e8tre du Pivot<br \/>\n1&#8243;1\/8<br \/>\nType de Frein<br \/>\nDisque<br \/>\nType de Pivot<br \/>\nAluminium<br \/>\nDiam\u00e8tre des Plongeurs<br \/>\n32mm<br \/>\nD\u00e9battement<br \/>\n120mm<br \/>\nD\u00e9port<br \/>\n42 mm<br \/>\nDimension Maxi du Rotor<br \/>\n220 mm<br \/>\nDimension Mini du Rotor<br \/>\n160 mm<br \/>\nLargeur Maxi Pneu &#8211; mm<br \/>\n62 mm<br \/>\nType d&#8217;Amortisseur<br \/>\nMotion Control<br \/>\nMati\u00e8re du T\u00e9<br \/>\nAluminium forg\u00e9 creux<br \/>\nMati\u00e8re des Fourreaux<br \/>\nMagnesium<br \/>\nMati\u00e8re des Plongeurs<br \/>\nAcier \u00e0 paroi droite finition Fast Black<br \/>\nType de Ressort<br \/>\nSolo Air<br \/>\nGamme<br \/>\nRL<br \/>\nPoids (donn\u00e9es fabricant)<br \/>\n2000<br \/>\nFamille de produit<br \/>\nFourches<br \/>\nCouleur<br \/>\nNoir<br \/>\nDiscipline<br \/>\nVTT<br \/>\nDistance T\u00e9\/axe<br \/>\n506 mm<br \/>\nR\u00e9glages de l&#8217;amortissement<br \/>\nExtl rebnd, low speed comp to lock<br \/>\nCompatible e-bike<br \/>\nCompatible E-bike<\/p>\n","protected":false},"excerpt":{"rendered":"<p>CARACT\u00c9RISTIQUES TECHNIQUES Marque Rockshox Taille de roue 27.5&#8243; Dimension d&#8217;axe 9x100mm Quick Release Diam\u00e8tre du Pivot 1&#8243;1\/8 Type de Frein Disque Type de Pivot Aluminium Diam\u00e8tre des Plongeurs 32mm D\u00e9battement 120mm D\u00e9port 42 mm Dimension Maxi du Rotor 220 mm Dimension Mini du Rotor 160 mm Largeur Maxi Pneu &#8211; mm 62 mm Type d&#8217;Amortisseur [&hellip;]<\/p>\n","protected":false},"featured_media":2611,"comment_status":"open","ping_status":"closed","template":"","meta":{"_et_pb_use_builder":"","_et_pb_old_content":"","_et_gb_content_width":""},"product_cat":[61],"product_tag":[],"class_list":["post-2610","product","type-product","status-publish","has-post-thumbnail","hentry","product_cat-fourches"],"wooqr_code":"","_links":{"self":[{"href":"https:\/\/multicyclescaraibe.fr\/index.php\/wp-json\/wp\/v2\/product\/2610","targetHints":{"allow":["GET"]}}],"collection":[{"href":"https:\/\/multicyclescaraibe.fr\/index.php\/wp-json\/wp\/v2\/product"}],"about":[{"href":"https:\/\/multicyclescaraibe.fr\/index.php\/wp-json\/wp\/v2\/types\/product"}],"replies":[{"embeddable":true,"href":"https:\/\/multicyclescaraibe.fr\/index.php\/wp-json\/wp\/v2\/comments?post=2610"}],"wp:featuredmedia":[{"embeddable":true,"href":"https:\/\/multicyclescaraibe.fr\/index.php\/wp-json\/wp\/v2\/media\/2611"}],"wp:attachment":[{"href":"https:\/\/multicyclescaraibe.fr\/index.php\/wp-json\/wp\/v2\/media?parent=2610"}],"wp:term":[{"taxonomy":"product_cat","embeddable":true,"href":"https:\/\/multicyclescaraibe.fr\/index.php\/wp-json\/wp\/v2\/product_cat?post=2610"},{"taxonomy":"product_tag","embeddable":true,"href":"https:\/\/multicyclescaraibe.fr\/index.php\/wp-json\/wp\/v2\/product_tag?post=2610"}],"curies":[{"name":"wp","href":"https:\/\/api.w.org\/{rel}","templated":true}]}}