{"id":2622,"date":"2024-06-18T17:54:39","date_gmt":"2024-06-18T15:54:39","guid":{"rendered":"https:\/\/multicyclescaraibe.fr\/?post_type=product&#038;p=2622"},"modified":"2024-07-07T22:26:58","modified_gmt":"2024-07-07T20:26:58","slug":"1286-kit-chapesram-derailleur-gx-eagle-52t-lunar-sratt13","status":"publish","type":"product","link":"https:\/\/multicyclescaraibe.fr\/index.php\/produit\/1286-kit-chapesram-derailleur-gx-eagle-52t-lunar-sratt13\/","title":{"rendered":"1286-KIT CHAPE SRAM  DERAILLEUR GX EAGLE (52T) LUNAR SRATT13"},"content":{"rendered":"<p>Marque<br \/>\nSRAM<br \/>\nPi\u00e8ces D\u00e9tach\u00e9es &#8211; Type<br \/>\nD\u00e9railleur arri\u00e8re- Pi\u00e8ces D\u00e9tach\u00e9es<br \/>\nPi\u00e8ces D\u00e9tach\u00e9es &#8211; Mati\u00e8re<br \/>\nChape Alu \/ Vis Acier<br \/>\nPi\u00e8ces D\u00e9tach\u00e9es &#8211; Accessoires<br \/>\nInner Cage + Vis de Galets<br \/>\nPi\u00e8ces D\u00e9tach\u00e9es &#8211; Vitesses<br \/>\n12 vitesses<br \/>\nPi\u00e8ces D\u00e9tach\u00e9es &#8211; D\u00e9railleur compatible<br \/>\nGX EAGLE RD-GX-1-B1, RD-GX-1-B2<br \/>\nPi\u00e8ces D\u00e9tach\u00e9es &#8211; Type de pi\u00e8ces<br \/>\nKit Chape Interne<br \/>\nFamille de produit<br \/>\nD\u00e9railleurs arri\u00e8re \/ Pi\u00e8ces d\u00e9tach\u00e9es<br \/>\nCouleur<br \/>\nGris<br \/>\nDiscipline<br \/>\nVTT<\/p>\n","protected":false},"excerpt":{"rendered":"<p>Marque SRAM Pi\u00e8ces D\u00e9tach\u00e9es &#8211; Type D\u00e9railleur arri\u00e8re- Pi\u00e8ces D\u00e9tach\u00e9es Pi\u00e8ces D\u00e9tach\u00e9es &#8211; Mati\u00e8re Chape Alu \/ Vis Acier Pi\u00e8ces D\u00e9tach\u00e9es &#8211; Accessoires Inner Cage + Vis de Galets Pi\u00e8ces D\u00e9tach\u00e9es &#8211; Vitesses 12 vitesses Pi\u00e8ces D\u00e9tach\u00e9es &#8211; D\u00e9railleur compatible GX EAGLE RD-GX-1-B1, RD-GX-1-B2 Pi\u00e8ces D\u00e9tach\u00e9es &#8211; Type de pi\u00e8ces Kit Chape Interne Famille de [&hellip;]<\/p>\n","protected":false},"featured_media":2623,"comment_status":"open","ping_status":"closed","template":"","meta":{"_et_pb_use_builder":"","_et_pb_old_content":"","_et_gb_content_width":""},"product_cat":[47,157,144],"product_tag":[],"class_list":["post-2622","product","type-product","status-publish","has-post-thumbnail","hentry","product_cat-derailleur","product_cat-derailleurs-vae","product_cat-transmission-vae"],"wooqr_code":"","_links":{"self":[{"href":"https:\/\/multicyclescaraibe.fr\/index.php\/wp-json\/wp\/v2\/product\/2622","targetHints":{"allow":["GET"]}}],"collection":[{"href":"https:\/\/multicyclescaraibe.fr\/index.php\/wp-json\/wp\/v2\/product"}],"about":[{"href":"https:\/\/multicyclescaraibe.fr\/index.php\/wp-json\/wp\/v2\/types\/product"}],"replies":[{"embeddable":true,"href":"https:\/\/multicyclescaraibe.fr\/index.php\/wp-json\/wp\/v2\/comments?post=2622"}],"wp:featuredmedia":[{"embeddable":true,"href":"https:\/\/multicyclescaraibe.fr\/index.php\/wp-json\/wp\/v2\/media\/2623"}],"wp:attachment":[{"href":"https:\/\/multicyclescaraibe.fr\/index.php\/wp-json\/wp\/v2\/media?parent=2622"}],"wp:term":[{"taxonomy":"product_cat","embeddable":true,"href":"https:\/\/multicyclescaraibe.fr\/index.php\/wp-json\/wp\/v2\/product_cat?post=2622"},{"taxonomy":"product_tag","embeddable":true,"href":"https:\/\/multicyclescaraibe.fr\/index.php\/wp-json\/wp\/v2\/product_tag?post=2622"}],"curies":[{"name":"wp","href":"https:\/\/api.w.org\/{rel}","templated":true}]}}