{"id":2769,"date":"2025-05-12T13:41:37","date_gmt":"2025-05-12T11:41:37","guid":{"rendered":"https:\/\/multicyclescaraibe.fr\/?post_type=product&#038;p=2769"},"modified":"2025-05-12T13:41:37","modified_gmt":"2025-05-12T11:41:37","slug":"1487-veste-thermique-win-tailles-t1-t2-t3-8999044004025-c9512418-t2","status":"publish","type":"product","link":"https:\/\/multicyclescaraibe.fr\/index.php\/produit\/1487-veste-thermique-win-tailles-t1-t2-t3-8999044004025-c9512418-t2\/","title":{"rendered":"1487-VESTE THERMIQUE WIN Tailles : T1\/T2\/T3 8999044004025 C9512418-T2"},"content":{"rendered":"<p>Veste thermique Biotex Win<\/p>\n<p>La veste coupe-vent manches longues WIN peut \u00eatre port\u00e9e les jours o\u00f9<br \/>\nles temp\u00e9ratures sont plus froides. Son tissu extensible dispose d\u2019une avec<br \/>\nprotection frontale coupe-vent et suit les mouvements du corps comme une seconde peau.<\/p>\n<p>Fabriqu\u00e9e avec diff\u00e9rents tissages pour assurer une respirabilit\u00e9 efficace<br \/>\ndans les diff\u00e9rentes zones du corps, tandis qu\u2019\u00e0 l\u2019arri\u00e8re, il y a trois poches<br \/>\n(dont une zipp\u00e9e), dans lesquelles transporter des gels ou de petits objets l\u00e9gers.<br \/>\nIl est \u00e9galement dot\u00e9 d\u2019une fermeture \u00e9clair sur toute la longueur et d\u2019un col montant.<\/p>\n<p>&#8211;          Veste chaude extensible et respirante<\/p>\n<p>&#8211;          Coupe FIT<\/p>\n<p>&#8211;          Pi\u00e8ces avant coupe vent<\/p>\n<p>&#8211;          3 poches (dont une zipp\u00e9e)<\/p>\n<p>&#8211;          Fermeture int\u00e9grale<\/p>\n<p>Depuis plus de 20 ans, chez Biotex, nous produisons des sous-v\u00eatements<br \/>\ntechniques pour am\u00e9liorer les performances sportives.<br \/>\nNous avons \u00e9t\u00e9 la premi\u00e8re entreprise italienne \u00e0 exp\u00e9rimenter et \u00e0 utiliser<br \/>\nle polypropyl\u00e8ne dans nos produits, un mat\u00e9riau qui assure respirabilit\u00e9,<br \/>\nl\u00e9g\u00e8ret\u00e9 et r\u00e9gulation constante de la temp\u00e9rature corporelle.<\/p>\n","protected":false},"excerpt":{"rendered":"<p>Veste thermique Biotex Win La veste coupe-vent manches longues WIN peut \u00eatre port\u00e9e les jours o\u00f9 les temp\u00e9ratures sont plus froides. Son tissu extensible dispose d\u2019une avec protection frontale coupe-vent et suit les mouvements du corps comme une seconde peau. Fabriqu\u00e9e avec diff\u00e9rents tissages pour assurer une respirabilit\u00e9 efficace dans les diff\u00e9rentes zones du corps, [&hellip;]<\/p>\n","protected":false},"featured_media":2770,"comment_status":"open","ping_status":"closed","template":"","meta":{"_et_pb_use_builder":"","_et_pb_old_content":"","_et_gb_content_width":""},"product_cat":[163],"product_tag":[],"class_list":["post-2769","product","type-product","status-publish","has-post-thumbnail","hentry","product_cat-bonneterie-vae"],"wooqr_code":"","_links":{"self":[{"href":"https:\/\/multicyclescaraibe.fr\/index.php\/wp-json\/wp\/v2\/product\/2769","targetHints":{"allow":["GET"]}}],"collection":[{"href":"https:\/\/multicyclescaraibe.fr\/index.php\/wp-json\/wp\/v2\/product"}],"about":[{"href":"https:\/\/multicyclescaraibe.fr\/index.php\/wp-json\/wp\/v2\/types\/product"}],"replies":[{"embeddable":true,"href":"https:\/\/multicyclescaraibe.fr\/index.php\/wp-json\/wp\/v2\/comments?post=2769"}],"wp:featuredmedia":[{"embeddable":true,"href":"https:\/\/multicyclescaraibe.fr\/index.php\/wp-json\/wp\/v2\/media\/2770"}],"wp:attachment":[{"href":"https:\/\/multicyclescaraibe.fr\/index.php\/wp-json\/wp\/v2\/media?parent=2769"}],"wp:term":[{"taxonomy":"product_cat","embeddable":true,"href":"https:\/\/multicyclescaraibe.fr\/index.php\/wp-json\/wp\/v2\/product_cat?post=2769"},{"taxonomy":"product_tag","embeddable":true,"href":"https:\/\/multicyclescaraibe.fr\/index.php\/wp-json\/wp\/v2\/product_tag?post=2769"}],"curies":[{"name":"wp","href":"https:\/\/api.w.org\/{rel}","templated":true}]}}