{"id":2889,"date":"2026-01-10T20:38:36","date_gmt":"2026-01-10T19:38:36","guid":{"rendered":"https:\/\/multicyclescaraibe.fr\/?post_type=product&#038;p=2889"},"modified":"2026-01-10T20:38:36","modified_gmt":"2026-01-10T19:38:36","slug":"1602-boulon-de-fixation-de-plateaux-shimano-46-36-dents-m8-x-101-1-unite-4-pieces-et-ecrou-1-unite-4-pieces-fc-r9200","status":"publish","type":"product","link":"https:\/\/multicyclescaraibe.fr\/index.php\/produit\/1602-boulon-de-fixation-de-plateaux-shimano-46-36-dents-m8-x-101-1-unite-4-pieces-et-ecrou-1-unite-4-pieces-fc-r9200\/","title":{"rendered":"1602-Boulon de fixation de plateaux shimano 46-36 dents (M8 x 10,1 \/ 1 unit\u00e9 = 4 pi\u00e8ces) et \u00e9crou (1 unit\u00e9 = 4 pi\u00e8ces) FC-R9200"},"content":{"rendered":"","protected":false},"excerpt":{"rendered":"","protected":false},"featured_media":2890,"comment_status":"open","ping_status":"closed","template":"","meta":{"_et_pb_use_builder":"","_et_pb_old_content":"","_et_gb_content_width":""},"product_cat":[91],"product_tag":[],"class_list":["post-2889","product","type-product","status-publish","has-post-thumbnail","hentry","product_cat-transmission-vr"],"wooqr_code":"","_links":{"self":[{"href":"https:\/\/multicyclescaraibe.fr\/index.php\/wp-json\/wp\/v2\/product\/2889","targetHints":{"allow":["GET"]}}],"collection":[{"href":"https:\/\/multicyclescaraibe.fr\/index.php\/wp-json\/wp\/v2\/product"}],"about":[{"href":"https:\/\/multicyclescaraibe.fr\/index.php\/wp-json\/wp\/v2\/types\/product"}],"replies":[{"embeddable":true,"href":"https:\/\/multicyclescaraibe.fr\/index.php\/wp-json\/wp\/v2\/comments?post=2889"}],"wp:featuredmedia":[{"embeddable":true,"href":"https:\/\/multicyclescaraibe.fr\/index.php\/wp-json\/wp\/v2\/media\/2890"}],"wp:attachment":[{"href":"https:\/\/multicyclescaraibe.fr\/index.php\/wp-json\/wp\/v2\/media?parent=2889"}],"wp:term":[{"taxonomy":"product_cat","embeddable":true,"href":"https:\/\/multicyclescaraibe.fr\/index.php\/wp-json\/wp\/v2\/product_cat?post=2889"},{"taxonomy":"product_tag","embeddable":true,"href":"https:\/\/multicyclescaraibe.fr\/index.php\/wp-json\/wp\/v2\/product_tag?post=2889"}],"curies":[{"name":"wp","href":"https:\/\/api.w.org\/{rel}","templated":true}]}}